{"id":689,"date":"2018-01-09T12:33:16","date_gmt":"2018-01-09T10:33:16","guid":{"rendered":"http:\/\/mahiye.com\/?page_id=689"},"modified":"2018-11-13T08:08:33","modified_gmt":"2018-11-13T06:08:33","slug":"kendi-kitapligim","status":"publish","type":"page","link":"https:\/\/mahiye.com\/index.php\/kendi-kitapligim\/","title":{"rendered":"Kendi Kitapl\u0131\u011f\u0131m"},"content":{"rendered":"<p><a href=\"http:\/\/mahiye.com\/wp-content\/uploads\/2018\/01\/2-6-Ya\u015f-M\u00fczik-E\u011fitimi-KAPAK-1-.jpg\"><img loading=\"lazy\" class=\"alignleft size-thumbnail wp-image-692\" src=\"http:\/\/mahiye.com\/wp-content\/uploads\/2018\/01\/2-6-Ya\u015f-M\u00fczik-E\u011fitimi-KAPAK-1--150x150.jpg\" alt=\"\" width=\"150\" height=\"150\" \/><\/a><\/p>\n<p>&nbsp;<\/p>\n<h2><span style=\"color: #000000;\"><a style=\"color: #000000;\" href=\"http:\/\/mahiye.com\/wp-content\/uploads\/2017\/12\/2-6yasarasimuzikegitimi1996.pdf\" target=\"_blank\" rel=\"noopener\">2-6 Ya\u015f Aras\u0131 M\u00fczik E\u011fitimi, Mahiye MORG\u00dcL 1996<\/a><\/span><\/h2>\n<p>&nbsp;<\/p>\n<p>&nbsp;<\/p>\n<hr \/>\n<p><img loading=\"lazy\" class=\"alignleft wp-image-693 size-thumbnail\" src=\"http:\/\/mahiye.com\/wp-content\/uploads\/2018\/01\/E\u011fitim-K\u00fcresel-Piyasaya-Teslim-KAPAK-9--150x150.jpg\" alt=\"\" width=\"150\" height=\"150\" \/><\/p>\n<p>&nbsp;<\/p>\n<h2><span style=\"color: #000000;\"><a style=\"color: #000000;\" href=\"http:\/\/mahiye.com\/wp-content\/uploads\/2017\/12\/egitimkureselpiyasayateslimkit.pdf\" target=\"_blank\" rel=\"noopener\">E\u011fitim K\u00fcresel Piyasaya Teslim<\/a><\/span><\/h2>\n<p>&nbsp;<\/p>\n<p>&nbsp;<\/p>\n<p>&nbsp;<\/p>\n<hr \/>\n<p><a href=\"http:\/\/mahiye.com\/wp-content\/uploads\/2018\/11\/Egitimde-Dramaya-Merhaba-M.Morg\u00fcl-Ankara-1998-1.pdf\" target=\"_blank\" rel=\"noopener\"><img loading=\"lazy\" class=\"alignleft size-full wp-image-694\" src=\"http:\/\/mahiye.com\/wp-content\/uploads\/2018\/01\/E\u011fitimde-Dramaya-Merhaba-KAPAK-6-.jpg\" alt=\"\" width=\"100\" height=\"139\" \/><\/a><\/p>\n<p>&nbsp;<\/p>\n<h2><span style=\"color: #000000;\"><a style=\"color: #000000;\" href=\"http:\/\/mahiye.com\/wp-content\/uploads\/2018\/11\/Egitimde-Dramaya-Merhaba-M.Morg\u00fcl-Ankara-1998-1.pdf\" target=\"_blank\" rel=\"noopener\">E\u011fitimde Dramaya Merhaba<\/a><\/span><\/h2>\n<p>&nbsp;<\/p>\n<p>&nbsp;<\/p>\n<p>&nbsp;<\/p>\n<hr \/>\n<p><img loading=\"lazy\" class=\"alignleft size-full wp-image-695\" src=\"http:\/\/mahiye.com\/wp-content\/uploads\/2018\/01\/\u0130lk-\u00c7ocuklukta-M\u00fczik-Nas\u0131l-\u00d6\u011fretilir-KAPAK-7-.jpg\" alt=\"\" width=\"100\" height=\"142\" \/><\/p>\n<p>&nbsp;<\/p>\n<h2><span style=\"color: #000000;\"><a style=\"color: #000000;\" href=\"http:\/\/mahiye.com\/wp-content\/uploads\/2017\/12\/muziknasilogretilir2003.pdf\" target=\"_blank\" rel=\"noopener\">\u0130lk \u00c7ocuklukta M\u00fczik Nas\u0131l \u00d6\u011fretilir<\/a><\/span><\/h2>\n<p>&nbsp;<\/p>\n<p>&nbsp;<\/p>\n<p>&nbsp;<\/p>\n<hr \/>\n<p><img loading=\"lazy\" class=\"alignleft size-full wp-image-696\" src=\"http:\/\/mahiye.com\/wp-content\/uploads\/2018\/01\/Milli-E\u011fitimde-Emperyalist-Ku\u015fatma-KAPAK-8-.jpg\" alt=\"\" width=\"100\" height=\"145\" \/><\/p>\n<p>&nbsp;<\/p>\n<h2><span style=\"color: #000000;\"><a style=\"color: #000000;\" href=\"http:\/\/mahiye.com\/wp-content\/uploads\/2017\/12\/milliegitimdemperyalistkusatma2006.pdf\" target=\"_blank\" rel=\"noopener\">Milli E\u011fitimde Emperyalist Ku\u015fatma<\/a><\/span><\/h2>\n<p>&nbsp;<\/p>\n<p>&nbsp;<\/p>\n<p>&nbsp;<\/p>\n<hr \/>\n<p><img loading=\"lazy\" class=\"alignleft size-full wp-image-697\" src=\"http:\/\/mahiye.com\/wp-content\/uploads\/2018\/01\/M\u00fczik-\u00c7al\u0131\u015fal\u0131m-KAPAK-2-.jpg\" alt=\"\" width=\"100\" height=\"137\" \/><\/p>\n<p>&nbsp;<\/p>\n<h2><span style=\"color: #000000;\"><a style=\"color: #000000;\" href=\"http:\/\/mahiye.com\/wp-content\/uploads\/2018\/01\/M\u00fczik-\u00c7al\u0131\u015fal\u0131m-1996-2-.pdf\" target=\"_blank\" rel=\"noopener\">M\u00fczik \u00c7al\u0131\u015fal\u0131m<\/a><\/span><\/h2>\n<p>&nbsp;<\/p>\n<p>&nbsp;<\/p>\n<p>&nbsp;<\/p>\n<hr \/>\n<p><img loading=\"lazy\" class=\"alignleft wp-image-698 size-thumbnail\" src=\"http:\/\/mahiye.com\/wp-content\/uploads\/2018\/01\/M\u00fczik-Nas\u0131l-\u00d6\u011fretilir-KAPAK-4--124x150.jpg\" alt=\"\" width=\"124\" height=\"150\" \/><\/p>\n<p>&nbsp;<\/p>\n<h2><span style=\"color: #000000;\"><a style=\"color: #000000;\" href=\"http:\/\/mahiye.com\/wp-content\/uploads\/2017\/12\/muziknasilogretilir2003.pdf\" target=\"_blank\" rel=\"noopener\">M\u00fczik Nas\u0131l \u00d6\u011fretilir<\/a><\/span><\/h2>\n<p>&nbsp;<\/p>\n<p>&nbsp;<\/p>\n<p>&nbsp;<\/p>\n<hr \/>\n<p><img loading=\"lazy\" class=\"alignleft wp-image-699 size-thumbnail\" src=\"http:\/\/mahiye.com\/wp-content\/uploads\/2018\/01\/Okulda-Zihin-Ter\u00f6r\u00fc-KAPAK-10--150x150.jpg\" alt=\"\" width=\"150\" height=\"150\" \/><\/p>\n<p>&nbsp;<\/p>\n<h2><span style=\"color: #000000;\"><a style=\"color: #000000;\" href=\"http:\/\/mahiye.com\/wp-content\/uploads\/2018\/01\/Okulda-Zihin-Ter\u00f6r\u00fc-_Nisan-2015-10-.pdf\" target=\"_blank\" rel=\"noopener\">Okulda Zihin Ter\u00f6r\u00fc<\/a><\/span><\/h2>\n<p>&nbsp;<\/p>\n<p>&nbsp;<\/p>\n<p>&nbsp;<\/p>\n<hr \/>\n<h2><img loading=\"lazy\" class=\"alignleft size-full wp-image-700\" src=\"http:\/\/mahiye.com\/wp-content\/uploads\/2018\/01\/Oyunlu-\u015eark\u0131lar-KAPAK-3-.jpg\" alt=\"\" width=\"100\" height=\"139\" \/><\/h2>\n<h2><\/h2>\n<h2><span style=\"color: #000000;\"><a style=\"color: #000000;\" href=\"http:\/\/mahiye.com\/wp-content\/uploads\/2017\/12\/oyunlusarkilarvenazlatmazlar.pdf\" target=\"_blank\" rel=\"noopener\">Oyunlu \u015eark\u0131lar<\/a><\/span><\/h2>\n<p>&nbsp;<\/p>\n<p>&nbsp;<\/p>\n<p>&nbsp;<\/p>\n<hr \/>\n<h2><img loading=\"lazy\" class=\"alignleft wp-image-701 size-thumbnail\" src=\"http:\/\/mahiye.com\/wp-content\/uploads\/2018\/01\/Rize-T\u00fcrk\u00fcleri-Deyince-KAPAK-5--150x150.jpg\" alt=\"\" width=\"150\" height=\"150\" srcset=\"https:\/\/mahiye.com\/wp-content\/uploads\/2018\/01\/Rize-T\u00fcrk\u00fcleri-Deyince-KAPAK-5--150x150.jpg 150w, https:\/\/mahiye.com\/wp-content\/uploads\/2018\/01\/Rize-T\u00fcrk\u00fcleri-Deyince-KAPAK-5-.jpg 225w\" sizes=\"(max-width: 150px) 100vw, 150px\" \/><\/h2>\n<h2><\/h2>\n<h2>\u00a0<span style=\"color: #000000;\"><a style=\"color: #000000;\" href=\"http:\/\/mahiye.com\/wp-content\/uploads\/2018\/01\/Rize-T\u00fcrk\u00fcleri-Deyince-29.5.2017-5-.pdf\" target=\"_blank\" rel=\"noopener\">Rize T\u00fcrk\u00fcleri Deyince<\/a><\/span><\/h2>\n","protected":false},"excerpt":{"rendered":"<p>&nbsp; 2-6 Ya\u015f Aras\u0131 M\u00fczik E\u011fitimi, Mahiye MORG\u00dcL 1996 &nbsp; &nbsp; &nbsp; E\u011fitim K\u00fcresel Piyasaya Teslim &nbsp; &nbsp; &nbsp; &nbsp; E\u011fitimde Dramaya Merhaba &nbsp; &nbsp;&#8230;<\/p>\n<div class=\"more-link-wrapper\"><a class=\"more-link\" href=\"https:\/\/mahiye.com\/index.php\/kendi-kitapligim\/\">Devam\u0131n\u0131 Oku<span class=\"screen-reader-text\">Kendi Kitapl\u0131\u011f\u0131m<\/span><\/a><\/div>\n","protected":false},"author":1,"featured_media":0,"parent":0,"menu_order":0,"comment_status":"closed","ping_status":"closed","template":"","meta":{"spay_email":""},"_links":{"self":[{"href":"https:\/\/mahiye.com\/index.php\/wp-json\/wp\/v2\/pages\/689"}],"collection":[{"href":"https:\/\/mahiye.com\/index.php\/wp-json\/wp\/v2\/pages"}],"about":[{"href":"https:\/\/mahiye.com\/index.php\/wp-json\/wp\/v2\/types\/page"}],"author":[{"embeddable":true,"href":"https:\/\/mahiye.com\/index.php\/wp-json\/wp\/v2\/users\/1"}],"replies":[{"embeddable":true,"href":"https:\/\/mahiye.com\/index.php\/wp-json\/wp\/v2\/comments?post=689"}],"version-history":[{"count":9,"href":"https:\/\/mahiye.com\/index.php\/wp-json\/wp\/v2\/pages\/689\/revisions"}],"predecessor-version":[{"id":988,"href":"https:\/\/mahiye.com\/index.php\/wp-json\/wp\/v2\/pages\/689\/revisions\/988"}],"wp:attachment":[{"href":"https:\/\/mahiye.com\/index.php\/wp-json\/wp\/v2\/media?parent=689"}],"curies":[{"name":"wp","href":"https:\/\/api.w.org\/{rel}","templated":true}]}}