{"id":767,"date":"2018-01-10T12:20:07","date_gmt":"2018-01-10T10:20:07","guid":{"rendered":"http:\/\/mahiye.com\/?page_id=767"},"modified":"2018-01-10T12:30:34","modified_gmt":"2018-01-10T10:30:34","slug":"firat-duzguner-anisna","status":"publish","type":"page","link":"https:\/\/mahiye.com\/index.php\/firat-duzguner-anisna\/","title":{"rendered":"F\u0131rat D\u00fczg\u00fcner An\u0131sna"},"content":{"rendered":"<p><strong>Arkeolog F\u0131rat D\u00fczg\u00fcner\u2019i 4 Eyl\u00fcl 2011\u2019de kaybettik.<br \/>\n<\/strong>F\u0131rat D\u00fczg\u00fcner\u2019le 2009 y\u0131l\u0131nda Antik Karadeniz\u2019den ba\u015flayan fonetik yolculu\u011fum s\u0131ras\u0131nda Afrika\u2019n\u0131n ortas\u0131nda Atlas da\u011f\u0131nda kar\u015f\u0131la\u015fm\u0131\u015ft\u0131k.<br \/>\nBana \u00e7al\u0131\u015fmalar\u0131ma kaynak olu\u015fturacak bas\u0131lmam\u0131\u015f yaz\u0131lar\u0131n\u0131 ve bas\u0131lm\u0131\u015f kitaplar\u0131ndan b\u00f6l\u00fcmler g\u00f6nderdi. Payla\u015fmay\u0131 severdi, ben de onun bana g\u00f6nderdi\u011fi bu dosyalar\u0131 okurlar\u0131mla payla\u015faca\u011f\u0131m. Sitemde ona bir k\u00f6\u015fe ay\u0131rd\u0131m.Yaz\u0131lar\u0131n\u0131 yay\u0131nlamak i\u00e7in e\u015fi \u0130nci Han\u0131mdan izin isterim diye d\u00fc\u015f\u00fcnd\u00fcm, \u00e7ok \u00fczg\u00fcn\u00fcm art\u0131k o numaralarda ba\u015fkalar\u0131 kar\u015f\u0131ma \u00e7\u0131k\u0131yor.I\u015f\u0131klar i\u00e7inde uyusunlar. M.M.<\/p>\n<p><a href=\"http:\/\/mahiye.com\/wp-content\/uploads\/2018\/01\/firat.jpg\"><img loading=\"lazy\" class=\"size-thumbnail wp-image-770 aligncenter\" src=\"http:\/\/mahiye.com\/wp-content\/uploads\/2018\/01\/firat-150x150.jpg\" alt=\"\" width=\"150\" height=\"150\" \/><\/a><\/p>\n<p><strong>2009 Y\u0131l\u0131 \u0130tibariyle \u00d6z ge\u00e7mi\u015fi<\/strong><\/p>\n<p>1973 y\u0131l\u0131nda, \u0130stanbul \u00dcniversitesi Klasik Arkeoloji ve Prehistorya-\u00d6n Asya b\u00f6l\u00fcmlerinden, Arif M\u00fcfid Mansel, Jale \u0130nan, A\u015fk\u0131dil Akarca, Rudolf Naumann, Halet \u00c7ambel, Ufuk Esin, Muhibbe Darga, Refik Duru gibi de\u011ferli hocalar\u0131n \u00f6\u011frencisi olarak mezun oldu.<\/p>\n<p>1971-73 y\u0131llar\u0131 aras\u0131nda, Afif Erzen ba\u015fkanl\u0131\u011f\u0131ndaki Van-\u00c7avu\u015ftepe ve H\u0131rkanis kaz\u0131lar\u0131yla \u00e7evre Urartu merkezlerindeki y\u00fczey ara\u015ft\u0131rmalar\u0131 ve Ainos\u2019taki (Enez) KlasikYunan kaz\u0131lar\u0131nda \u00e7al\u0131\u015ft\u0131. Bu arada, Van Kalesi ve iskelesinde yapt\u0131\u011f\u0131 \u00e7al\u0131\u015fmalar\u0131nda Rudolf Naumann\u2019\u0131n asistanl\u0131\u011f\u0131n\u0131 yapt\u0131.<\/p>\n<p>\u0130stanbul Arkeoloji M\u00fczeleri\u2019ndeki \u00e7al\u0131\u015fmalar\u0131 s\u0131ras\u0131nda, pek \u00e7ok temel kaz\u0131lar\u0131 yan\u0131nda kurtarma kaz\u0131lar\u0131nda \u00e7al\u0131\u015ft\u0131: Pendik (1992); \u0130nce\u011fiz Maltepe Nekropol\u00fc (1992-1994), Khalke Saray\u0131\u2019n\u0131n bir b\u00f6l\u00fcm\u00fc olan Triklinos Kandidat (Adaylar Triklinosu, 1997-1998); Pittakia B\u00f6lgesi\u2019nde Khalke Saray\u0131\u2019n\u0131n bulundu\u011fu Sultanahmet Eski Cezaevi Bah\u00e7esi (1999-2000). 1998-1999 y\u0131llar\u0131nda, ayn\u0131 m\u00fcze taraf\u0131ndan Cankurtaran Parsel\/38\u2019deki kurtarma kaz\u0131s\u0131na ba\u015fkanl\u0131k etti.<\/p>\n<p>2003 y\u0131l\u0131nda emekli oldu. Halen, \u0130stanbul\u2019un Byzantion ve Bizans d\u00f6nemleri ile Uzak Do\u011fu Tokar k\u00fclt\u00fcrleri, Nuh tufan\u0131, M\u0131s\u0131r, \u00d6n Asya, \u201cyurt ve praitorion\u201d, piramit, \u00e7ember ta\u015flar \u00fczerindeki mimari \u00e7al\u0131\u015fmalar\u0131n\u0131 s\u00fcrd\u00fcrmektedir.<\/p>\n<p><strong>Ba\u015fl\u0131ca \u00e7al\u0131\u015fmalar\u0131:<\/strong><\/p>\n<p><strong>Kitap:<\/strong><\/p>\n<ul>\n<li>D\u00fczg\u00fcner, F. (2004) <em>Iustinianus D\u00f6nemi\u2019nde \u0130stanbul\u2019da Yap\u0131lar, Procopius\u2019un Birinci<\/em> <em>Kitab\u0131\u2019n\u0131n Analizi<\/em>, Arkeoloji ve Sanat Yay\u0131nlar\u0131, \u0130stanbul. [Ref. Dumbarton Oaks, Cataloged October 2008. Harvard University, Hollis Catalog- Hollis Number: 009566556 (NA370.D89 2004- Fine Arts FAL-LC NA370.D89 2004). New Titles \/Library\/Dumbarton Oaks: (<a href=\"http:\/\/www.doaks.org\/library\/new_titles.htm-110k)\">www.doaks.org\/library\/new_titles.htm-110k)<\/a>].<\/li>\n<\/ul>\n<p>&nbsp;<\/p>\n<p><strong>Makaleler:<\/strong><\/p>\n<ul>\n<li>\u00a0Pasinli, A.; G\u00f6ky\u0131ld\u0131r\u0131m, T.; Birgili, T.; D\u00fczg\u00fcner, F. (1994) \u201c\u0130nce\u011fiz Maltepe Nekropol\u00fc 1992 Y\u0131l\u0131 Kurtarma Kaz\u0131s\u0131\u201d, <em>IV. M\u00fcze Kurtarma Kaz\u0131lar\u0131 Semineri, T. C. K\u00fclt\u00fcr Bakanl\u0131\u011f\u0131 Yay\u0131nlar\u0131<\/em> , s.339-356.<\/li>\n<li>Pasinli, A.: G\u00f6ky\u0131ld\u0131r\u0131m, T.; D\u00fczg\u00fcner, F. (1995) \u201c\u0130nce\u011fiz-Maltepe Nekropol\u00fc 1993 Y\u0131l\u0131 Kurtarma Kaz\u0131s\u0131\u201d, <em>V. M\u00fcze Kurtarma Kaz\u0131lar\u0131 Semineri, T. C. K\u00fclt\u00fcr Bakanl\u0131\u011f\u0131 Yay\u0131nlar\u0131<\/em>, s.345-364.<\/li>\n<li>D\u00fczg\u00fcner, F. (2002) \u201cAnaplous ve Prookhthoi\u2019de Yeni Buluntular, Hagia Maria Hodegetria ve Nea Ekklesia (Mesakepion) Kiliseleri\u201d,<em> Efsanelerden G\u00fcn\u00fcm\u00fcze \u0130stanbul\/I, Annual Supplement of Arkeoloji ve Sanat Magazine<\/em>, s.32-50.<\/li>\n<li>D\u00fczg\u00fcner, F.; Akay, B. (2003) \u201cProokhthoi\u2019de Yeni Buluntular\u201d, <em>Yap\u0131, Mimarl\u0131k K\u00fclt\u00fcr Sanat<\/em>, Say\u0131: 294, s.92-96.<\/li>\n<li>D\u00fczg\u00fcner, F. (2005) &#8220;\u0130stanbul Sultanahmet&#8217;te Bizans&#8217;\u0131n \u00dcnl\u00fc Bak\u0131r Kap\u0131&#8217;s\u0131 ve Iustinianus S\u00fctunu&#8221;, <em>mimar.ist<\/em>, Say\u0131: 17, s.85-93.<\/li>\n<li>D\u00fczg\u00fcner, F. ( 2005) &#8220;Byzantion&#8217;un Yedi Eko Kulesi ve U\u00e7 Kaleler&#8221;, <em>mimar.<\/em>ist, Say\u0131: 18, s.109-117.<\/li>\n<li>D\u00fczg\u00fcner, F. (2006) &#8220;Ayasofya&#8217;n\u0131n Mimarisi ve Kubbesinin Tan\u0131m\u0131&#8221;, <em>mimar.<\/em>ist, Say\u0131: 19, s.89-95.<\/li>\n<li>D\u00fczg\u00fcner, F. (2006) &#8220;\u0130stanbul&#8217;da G\u00fcne\u015f&#8217;in (Helios) Saray\u0131: Boukoleon&#8221;, <em>Arkeoloji ve<br \/>\nSanat Dergisi<\/em>, Say\u0131: 121, s.73-92.<\/li>\n<li>D\u00fczg\u00fcner, F. (2006) &#8220;\u0130stanbul Sultanahmet&#8217;te Bizans D\u00f6nemi Saray, An\u0131t ve<br \/>\nLimanlar\u0131 ile Altyap\u0131 \u00c7al\u0131\u015fmalar\u0131&#8221;, <em>mimar.ist<\/em>, Say\u0131: 20, s.89-98.<\/li>\n<li>D\u00fczg\u00fcner, F. (2006) &#8220;Byzantion D\u00f6nemi&#8217;ndeki Kurgusuyla Bir Anadolu Mucizesi: \u0130stanbul&#8221;, <em>mimar.ist<\/em>, Say\u0131: 21, s.91-102.<\/li>\n<li>D\u00fczg\u00fcner, F. (2007) &#8220;Yurt, Praitorion, Kilise ve Cami Mimarisi \u0130li\u015fkileriyle Volkanlar&#8221;, <em>mimar.<\/em>ist, Say\u0131.23, s.77-89<\/li>\n<li>D\u00fczg\u00fcner, F. (2007) &#8220;Constantinus&#8217;un Okyanus Bi\u00e7imli Forumu ve \u0130mparatorluk K\u00f6pr\u00fcs\u00fc&#8221;, <em>mimar.ist<\/em>. Say\u0131: 24, s.94-101.<\/li>\n<li>D\u00fczg\u00fcner, F. (2007) &#8220;Yedikule (Brakhiolion) Kapitol\u00fc&#8221;, <em>Yap\u0131 K\u00fclt\u00fcr Sanat<\/em>, Say\u0131: 309 (2007), s.112; (<a href=\"http:\/\/www.yapidergisi.com\/makaleler.aspx\">www.yapidergisi.com\/makaleler.aspx<\/a>).<\/li>\n<li>D\u00fczg\u00fcner, F. (2007) &#8220;Alt\u0131n Kap\u0131 Meryem Kilisesi ve Silivrikap\u0131 Kutsal Ayazma Suyu&#8221;, <em>mimar.ist<\/em>. Say\u0131: 25, s.104-110.<\/li>\n<li>D\u00fczg\u00fcner, F. (2007) \u201cBir G\u00fcne\u015f (Ate\u015f K\u00fclt\u00fc) Tap\u0131na\u011f\u0131: Pantheon\u201d, <em>mimar.ist<\/em>, Say\u0131: 26, s.104-110.<\/li>\n<li>D\u00fczg\u00fcner, F. (2008) \u201c\u0130mparatorluk K\u00f6pr\u00fcs\u00fc S\u00fctunlar\u0131 Sultanahmet Camii\u2019nde H\u00e2l\u00e2 Ya\u015f\u0131yor\u201d, <em>mimar.ist<\/em>, Say\u0131: 27, s.90-96.<\/li>\n<li>D\u00fczg\u00fcner, F. (2008) \u201cYurt ve Piramit Mimarisinin K\u00f6keni: Yangshao K\u00fclt\u00fcr\u00fc\u201d, <em>mimar.ist<\/em>, Say\u0131:28, s.102-110.<\/li>\n<li>D\u00fczg\u00fcner, F (2008) \u201c\u0130stanbul\u2019da Okeanos\u2019la Tethys\u2019in K\u0131z\u0131 Tykhe\u2019nin Forumu: Forum Constantini II\u201d, <em>mimar.ist<\/em>, Say\u0131: 30, s.77-83.<\/li>\n<li>D\u00fczg\u00fcner, F. (2009) \u201cAklanmay\u0131 Hak Eden Tarih\u00e7imiz: Herodotos\u201d, <a href=\"http:\/\/www.hermetics.org\/\">www.Hermetics.org<\/a><\/li>\n<li>D\u00fczg\u00fcner, F. (2009) \u201cPandora\u2019n\u0131n Kutusu\u201d, <a href=\"http:\/\/www.hermetics.org\/\">www.Hermetics.org<\/a><\/li>\n<li>D\u00fczg\u00fcner, F. (2009) \u201cYaz\u0131l\u0131kaya\u2019da Etilerin (Aith\u2019ler= Eth\u2019ler= Yan\u0131klar) Kem (<em>Khem<\/em>) Sembolleri\u201d, <a href=\"http:\/\/www.hermetics.org\/etiler.html-\">www.hermetics.org\/etiler.html-<\/a><\/li>\n<li>D\u00fczg\u00fcner, F. (2009) \u201cYurt, Praitorion, Kilise ve Cami Mimarisi \u0130li\u015fkileriyle Volkanlar\u201d, <a href=\"http:\/\/www.hermetics.org\/yurtlar.html-\">www.hermetics.org\/yurtlar.html-<\/a><\/li>\n<\/ul>\n<p>&nbsp;<\/p>\n<p><strong>\u0130leti\u015fim:<\/strong><\/p>\n<p>Adres: Bah\u00e7eleraras\u0131 Sok. \u00c7olako\u011flu Apt. No: 33\/1, B. Blok, Bostanc\u0131-Kad\u0131k\u00f6y-\u0130ST.<br \/>\nSevgili de\u011ferli T\u00fcrk Arkeologu F\u0131rat D\u00fczg\u00fcner.<br \/>\nArt\u0131k bu adreste kimse yok. Sizi ve yolumuz Afrika\u2019n\u0131n ortas\u0131nda kesi\u015fti\u011finde ald\u0131\u011f\u0131m moral deste\u011fi hi\u00e7 unutmayaca\u011f\u0131m.<\/p>\n<p>&nbsp;<\/p>\n<p><strong>Baz\u0131 Eserleri<br \/>\n<\/strong><\/p>\n<hr \/>\n<p><span style=\"color: #000000;\">&#8211;<a style=\"color: #000000;\" href=\"http:\/\/mahiye.com\/wp-content\/uploads\/2018\/01\/Day-of-the-dead.pdf\" target=\"_blank\" rel=\"noopener\">Day of the dead<\/a><\/span><\/p>\n<p><span style=\"color: #000000;\">&#8211;<a style=\"color: #000000;\" href=\"http:\/\/mahiye.com\/wp-content\/uploads\/2018\/01\/F\u0131rat-D\u00fczg\u00fcner-KARIZ-1.pdf\" target=\"_blank\" rel=\"noopener\">F\u0131rat D\u00fczg\u00fcner KARIZ 1<\/a><\/span><\/p>\n<p><span style=\"color: #000000;\">&#8211;<a style=\"color: #000000;\" href=\"http:\/\/mahiye.com\/wp-content\/uploads\/2018\/01\/F\u0131rat-D\u00fczg\u00fcner-G\u00d6BEKL\u0130-TEPE.pdf\" target=\"_blank\" rel=\"noopener\">F\u0131rat D\u00fczg\u00fcner, G\u00d6BEKL\u0130 TEPE<\/a><\/span><\/p>\n<p><span style=\"color: #000000;\">&#8211;<a style=\"color: #000000;\" href=\"http:\/\/mahiye.com\/wp-content\/uploads\/2018\/01\/F\u0131rat-D\u00fczg\u00fcner-Odise-2.pdf\" target=\"_blank\" rel=\"noopener\">F\u0131rat D\u00fczg\u00fcner, Odise 2<\/a><\/span><\/p>\n<p><span style=\"color: #000000;\">&#8211;<a style=\"color: #000000;\" href=\"http:\/\/mahiye.com\/wp-content\/uploads\/2018\/01\/F\u0131rat-D\u00fczg\u00fcner-Tufan-II-a.pdf\" target=\"_blank\" rel=\"noopener\">F\u0131rat D\u00fczg\u00fcner, Tufan II-a<\/a><\/span><\/p>\n<p><span style=\"color: #000000;\">&#8211;<a style=\"color: #000000;\" href=\"http:\/\/mahiye.com\/wp-content\/uploads\/2018\/01\/F\u0131rat-D\u00fczg\u00fcner-Tufan-III-a.pdf\" target=\"_blank\" rel=\"noopener\">F\u0131rat D\u00fczg\u00fcner, Tufan III-a<\/a><\/span><\/p>\n<p><span style=\"color: #000000;\">&#8211;<a style=\"color: #000000;\" href=\"http:\/\/mahiye.com\/wp-content\/uploads\/2018\/01\/F\u0131rat-D\u00fczg\u00fcner-Yaz\u0131l\u0131kaya-Kyklops.pdf\" target=\"_blank\" rel=\"noopener\">F\u0131rat D\u00fczg\u00fcner, Yaz\u0131l\u0131kaya, Kyklops<\/a><\/span><\/p>\n<p><span style=\"color: #000000;\">&#8211;<a style=\"color: #000000;\" href=\"http:\/\/mahiye.com\/wp-content\/uploads\/2018\/01\/Stonehenge.pdf\" target=\"_blank\" rel=\"noopener\">Stonehenge<\/a><\/span><\/p>\n","protected":false},"excerpt":{"rendered":"<p>Arkeolog F\u0131rat D\u00fczg\u00fcner\u2019i 4 Eyl\u00fcl 2011\u2019de kaybettik. F\u0131rat D\u00fczg\u00fcner\u2019le 2009 y\u0131l\u0131nda Antik Karadeniz\u2019den ba\u015flayan fonetik yolculu\u011fum s\u0131ras\u0131nda Afrika\u2019n\u0131n ortas\u0131nda Atlas da\u011f\u0131nda kar\u015f\u0131la\u015fm\u0131\u015ft\u0131k. Bana \u00e7al\u0131\u015fmalar\u0131ma kaynak&#8230;<\/p>\n<div class=\"more-link-wrapper\"><a class=\"more-link\" href=\"https:\/\/mahiye.com\/index.php\/firat-duzguner-anisna\/\">Devam\u0131n\u0131 Oku<span class=\"screen-reader-text\">F\u0131rat D\u00fczg\u00fcner An\u0131sna<\/span><\/a><\/div>\n","protected":false},"author":1,"featured_media":0,"parent":0,"menu_order":0,"comment_status":"closed","ping_status":"closed","template":"","meta":{"spay_email":""},"_links":{"self":[{"href":"https:\/\/mahiye.com\/index.php\/wp-json\/wp\/v2\/pages\/767"}],"collection":[{"href":"https:\/\/mahiye.com\/index.php\/wp-json\/wp\/v2\/pages"}],"about":[{"href":"https:\/\/mahiye.com\/index.php\/wp-json\/wp\/v2\/types\/page"}],"author":[{"embeddable":true,"href":"https:\/\/mahiye.com\/index.php\/wp-json\/wp\/v2\/users\/1"}],"replies":[{"embeddable":true,"href":"https:\/\/mahiye.com\/index.php\/wp-json\/wp\/v2\/comments?post=767"}],"version-history":[{"count":3,"href":"https:\/\/mahiye.com\/index.php\/wp-json\/wp\/v2\/pages\/767\/revisions"}],"predecessor-version":[{"id":779,"href":"https:\/\/mahiye.com\/index.php\/wp-json\/wp\/v2\/pages\/767\/revisions\/779"}],"wp:attachment":[{"href":"https:\/\/mahiye.com\/index.php\/wp-json\/wp\/v2\/media?parent=767"}],"curies":[{"name":"wp","href":"https:\/\/api.w.org\/{rel}","templated":true}]}}